er when 80974 is divided by 1640.
614
What is the remainder when 6650739 is divided by 8728?
3
Calculate the remainder when 4662320 is divided by 55.
25
What is the remainder when 18031 is divided by 30?
1
Calculate the remainder when 810273 is divided by 61.
10
What is the remainder when 125176 is divided by 3350?
1226
Calculate the remainder when 21047242 is divided by 525.
517
Calculate the remainder when 266863 is divided by 158.
1
What is the remainder when 17748432 is divided by 5251?
52
What is the remainder when 8799528 is divided by 1466571?
102
What is the remainder when 69637 is divided by 69160?
477
What is the remainder when 223855823 is divided by 24?
23
Calculate the remainder when 83995229 is divided by 4886.
3
What is the remainder when 40165986 is divided by 19517?
0
What is the remainder when 900527 is divided by 99949?
986
Calculate the remainder when 164279519 is divided by 180.
179
Calculate the remainder when 74054 is divided by 620.
274
Calculate the remainder when 226299 is divided by 344.
291
Calculate the remainder when 235389 is divided by 6724.
49
What is the remainder when 11852 is divided by 493?
20
What is the remainder when 67753 is divided by 201?
16
Calculate the remainder when 63670 is divided by 1780.
1370
What is the remainder when 21829572 is divided by 116?
112
Calculate the remainder when 276531405 is divided by 2182.
2181
Calculate the remainder when 1721898 is divided by 25322.
2
Calculate the remainder when 2763674 is divided by 1386.
1376
What is the remainder when 497101 is divided by 66?
55
What is the remainder when 935175 is divided by 23?
18
Calculate the remainder when 5079514 is divided by 3153.
31
What is the remainder when 77607 is divided by 25800?
207
What is the remainder when 211239 is divided by 274?
259
Calculate the remainder when 117649456 is divided by 4102.
4096
Calculate the remainder when 23028 is divided by 13.
5
Calculate the remainder when 26674863 is divided by 2483.
2477
Calculate the remainder when 144411 is divided by 5559.
5436
What is the remainder when 2277665 is divided by 207060?
5
What is the remainder when 1179887 is divided by 332?
291
Calculate the remainder when 63202 is divided by 1508.
1374
Calculate the remainder when 3282876 is divided by 3282848.
28
What is the remainder when 1326590 is divided by 68?
46
What is the remainder when 4608567 is divided by 493?
3
What is the remainder when 502801 is divided by 502645?
156
Calculate the remainder when 1532880 is divided by 1414.
104
What is the remainder when 3686766 is divided by 3686765?
1
Calculate the remainder when 4964926 is divided by 2087.
2040
Calculate the remainder when 8809 is divided by 5810.
2999
Calculate the remainder when 1388047 is divided by 420.
367
Calculate the remainder when 23309895 is divided by 3.
0
What is the remainder when 94644 is divided by 10411?
945
What is the remainder when 39971618 is divided by 369?
62
Calculate the remainder when 1971142 is divided by 55.
52
Calculate the remainder when 57405214 is divided by 19135070.
4
Calculate the remainder when 2160516 is divided by 117.
111
Calculate the remainder when 1112122 is divided by 1248.
154
Calculate the remainder when 145509 is divided by 36374.
13
Calculate the remainder when 467501 is divided by 2670.
251
What is the remainder when 179936 is divided by 37?
5
Calculate the remainder when 86033 is divided by 826.
129
What is the remainder when 11452408 is divided by 3989?
3978
Calculate the remainder when 22040 is divided by 21660.
380
Calculate the remainder when 8892699 is divided by 604.
7
What is the remainder when 30054 is divided by 7391?
490
What is the remainder when 2170231 is divided by 22?
19
What is the remainder when 101460 is divided by 178?
0
What is the remainder when 63986195 is divided by 784?
35
Calculate the remainder when 15515727 is divided by 15.
12
What is the remainder when 5343547 is divided by 8415?
22
Calculate the remainder when 351473 is divided by 1040.
993
What is the remainder when 354772 is divided by 2628?
2620
Calculate the remainder when 176479222 is divided by 11029951.
6
Calculate the remainder when 84776434 is divided by 1242.
1240
What is the remainder when 477362 is divided by 1181?
238
What is the remainder when 21467714 is divided by 536690?
114
What is the remainder when 6957966 is divided by 4842?
12
Calculate the remainder when 18479 is divided by 538.
187
What is the remainder when 542662094 is divided by 15?
14
What is the remainder when 11586123 is divided by 11586076?
47
Calculate the remainder when 132130 is divided by 131935.
195
What is the remainder when 5248776 is divided by 483?
15
Calculate the remainder when 87831365 is divided by 311.
300
Calculate the remainder when 6114613 is divided by 9.
4
What is the remainder when 152959 is divided by 152944?
15
Calculate the remainder when 474776 is divided by 296.
288
Calculate the remainder when 39946627 is divided by 2438.
2435
Calculate the remainder when 216904 is divided by 103.
89
Calculate the remainder when 158255 is divided by 78776.
703
Calculate the remainder when 360889 is divided by 360790.
99
What is the remainder when 505982 is divided by 168613?
143
Calculate the remainder when 1349943 is divided by 2675.
1743
Calculate the remainder when 3999367 is divided by 1764.
379
What is the remainder when 617686 is divided by 828?
826
What is the remainder when 927345 is divided by 462977?
1391
What is the remainder when 282596 is divided by 384?
356
Calculate the remainder when 2296198 is divided by 28.
2
What is the remainder when 68240 is divided by 16952?
432
What is the remainder when 704891 is divided by 469?
453
What is the remainder when 3768054 is divided by 4302?
3804
What is the remainder when 27043 is divided by 552?
547
Calculate the remainder when 516118 is divided by 330.
328
Calculate the remainder when 4493000 is divided by 69.
65
Calculate the remainder when 1510349 is divided by 619.
608
What is the remainder when 13837853 is divided by 531?
524
What is the remainder when 8604105 is divided by 204?
201
What is the remainder when 13030147 is divided by 176083?
5
What is the remainder when 67770 is divided by 8496?
8298
What is the remainder when 5269493 is divided by 446?
3
Calculate the remainder when 205162 is divided by 553.
552
Calculate the remainder when 39739967 is divided by 192.
191
What is the remainder when 42379774 is divided by 1623?
1621
What is the remainder when 4577555 is divided by 3411?
3404
What is the remainder when 133491 is divided by 1272?
1203
What is the remainder when 145789235 is divided by 38?
31
Calculate the remainder when 56736018 is divided by 26.
14
Calculate the remainder when 3364566 is divided by 373840.
6
Calculate the remainder when 3283312 is divided by 495.
472
Calculate the remainder when 1036463 is divided by 167.
61
Calculate the remainder when 1152566 is divided by 164619.
233
What is the remainder when 17817 is divided by 52?
33
Calculate the remainder when 92704 is divided by 30843.
175
What is the remainder when 152676961 is divided by 338?
333
What is the remainder when 39402 is divided by 1261?
311
Calculate the remainder when 25807472 is divided by 77.
75
What is the remainder when 56659347 is divided by 23?
20
Calculate the remainder when 373237 is divided by 186563.
111
Calculate the remainder when 23071449 is divided by 19.
15
Calculate the remainder when 646059 is divided by 24.
3
Calculate the remainder when 365481 is divided by 8477.
970
What is the remainder when 113966780 is divided by 216?
212
What is the remainder when 12518 is divided by 11793?
725
What is the remainder when 7446 is divided by 2142?
1020
Calculate the remainder when 3007671 is divided by 1260.
51
Calculate the remainder when 13607 is divided by 413.
391
Calculate the remainder when 55788 is divided by 11052.
528
Calculate the remainder when 128075 is divided by 18234.
437
What is the remainder when 296646 is divided by 3366?
438
What is the remainder when 4575898 is divided by 31?
19
What is the remainder when 10823362 is divided by 10823360?
2
What is the remainder when 4304444 is divided by 60?
44
Calculate the remainder when 11003933 is divided by 18.
11
Calculate 